06
Calculate the remainder when 3218 is divided by 635.
43
Calculate the remainder when 44808 is divided by 527.
13
What is the remainder when 553841 is divided by 190?
181
Calculate the remainder when 2954 is divided by 487.
32
What is the remainder when 42712 is divided by 66?
10
Calculate the remainder when 9571 is divided by 4778.
15
What is the remainder when 11377 is divided by 71?
17
What is the remainder when 393237 is divided by 57?
51
Calculate the remainder when 700545 is divided by 77.
76
What is the remainder when 25106 is divided by 71?
43
Calculate the remainder when 3019 is divided by 55.
49
What is the remainder when 17697 is divided by 224?
1
What is the remainder when 154875 is divided by 80?
75
Calculate the remainder when 149443 is divided by 4.
3
What is the remainder when 961 is divided by 42?
37
Calculate the remainder when 52123 is divided by 20.
3
Calculate the remainder when 2702 is divided by 109.
86
Calculate the remainder when 2024 is divided by 35.
29
What is the remainder when 110118 is divided by 40?
38
What is the remainder when 282498 is divided by 13?
8
Calculate the remainder when 27512 is divided by 705.
17
Calculate the remainder when 848 is divided by 222.
182
What is the remainder when 129441 is divided by 8?
1
What is the remainder when 5396 is divided by 756?
104
What is the remainder when 7643 is divided by 3796?
51
What is the remainder when 210378 is divided by 1156?
1142
What is the remainder when 26257 is divided by 8745?
22
Calculate the remainder when 7970 is divided by 2517.
419
What is the remainder when 44824 is divided by 7468?
16
What is the remainder when 66253 is divided by 20?
13
What is the remainder when 195245 is divided by 116?
17
What is the remainder when 12632 is divided by 976?
920
What is the remainder when 122157 is divided by 240?
237
What is the remainder when 6448 is divided by 6405?
43
What is the remainder when 192411 is divided by 45?
36
What is the remainder when 320661 is divided by 62?
59
Calculate the remainder when 14890 is divided by 27.
13
Calculate the remainder when 267 is divided by 1.
0
What is the remainder when 29270 is divided by 1829?
6
Calculate the remainder when 232997 is divided by 187.
182
What is the remainder when 714 is divided by 649?
65
What is the remainder when 917 is divided by 115?
112
Calculate the remainder when 16565 is divided by 19.
16
What is the remainder when 1099 is divided by 31?
14
Calculate the remainder when 45263 is divided by 29.
23
What is the remainder when 794 is divided by 225?
119
What is the remainder when 192341 is divided by 21371?
2
What is the remainder when 7554 is divided by 747?
84
Calculate the remainder when 2472 is divided by 9.
6
Calculate the remainder when 247304 is divided by 94.
84
What is the remainder when 14446 is divided by 14422?
24
Calculate the remainder when 386573 is divided by 148.
145
Calculate the remainder when 3705721 is divided by 441.
439
Calculate the remainder when 867097 is divided by 100.
97
What is the remainder when 235919 is divided by 15?
14
Calculate the remainder when 64749 is divided by 2088.
21
What is the remainder when 31530 is divided by 119?
114
Calculate the remainder when 1017 is divided by 321.
54
Calculate the remainder when 26893 is divided by 5371.
38
Calculate the remainder when 31512 is divided by 16.
8
What is the remainder when 35107 is divided by 66?
61
Calculate the remainder when 60684 is divided by 60641.
43
Calculate the remainder when 12467 is divided by 540.
47
Calculate the remainder when 4773 is divided by 154.
153
Calculate the remainder when 1430 is divided by 52.
26
Calculate the remainder when 10946 is divided by 295.
31
Calculate the remainder when 10179 is divided by 3209.
552
Calculate the remainder when 132367 is divided by 66170.
27
Calculate the remainder when 364861 is divided by 1983.
1972
Calculate the remainder when 11514 is divided by 82.
34
Calculate the remainder when 7438 is divided by 1237.
16
Calculate the remainder when 1663102 is divided by 34.
26
Calculate the remainder when 6096 is divided by 25.
21
Calculate the remainder when 29828 is divided by 4969.
14
Calculate the remainder when 10944 is divided by 8148.
2796
What is the remainder when 5723 is divided by 1125?
98
What is the remainder when 326266 is divided by 108734?
64
What is the remainder when 2700 is divided by 63?
54
Calculate the remainder when 63965 is divided by 8.
5
Calculate the remainder when 58813 is divided by 108.
61
What is the remainder when 7198 is divided by 2328?
214
Calculate the remainder when 10919 is divided by 1213.
2
What is the remainder when 2382 is divided by 263?
15
What is the remainder when 72676 is divided by 44?
32
What is the remainder when 98759 is divided by 422?
11
What is the remainder when 34015 is divided by 33965?
50
What is the remainder when 64085 is divided by 123?
2
Calculate the remainder when 55560 is divided by 291.
270
What is the remainder when 406 is divided by 4?
2
Calculate the remainder when 18458 is divided by 4612.
10
Calculate the remainder when 123967 is divided by 14.
11
What is the remainder when 1208 is divided by 303?
299
What is the remainder when 34358 is divided by 16816?
726
Calculate the remainder when 1098 is divided by 291.
225
Calculate the remainder when 2956 is divided by 393.
205
What is the remainder when 179204 is divided by 61?
47
Calculate the remainder when 20735 is divided by 441.
8
Calculate the remainder when 852068 is divided by 213013.
16
Calculate the remainder when 877 is divided by 661.
216
Calculate the remainder when 5754 is divided by 1913.
15
Calculate the remainder when 3472 is divided by 389.
360
What is the remainder when 321 is divided by 20?
1
What is the remainder when 40983 is divided by 10244?
7
What is the remainder when 120718 is divided by 1528?
6
Calculate the remainder when 44872 is divided by 554.
552
What is the remainder when 29594 is divided by 29584?
10
What is the remainder when 661060 is divided by 704?
4
Calculate the remainder when 871 is divided by 376.
119
Calculate the remainder when 3082 is divided by 1475.
132
What is the remainder when 12213 is divided by 420?
33
Calculate the remainder when 41446 is divided by 33.
31
Calculate the remainder when 7165 is divided by 3576.
13
Calculate the remainder when 4944 is divided by 3821.
1123
Calculate the remainder when 36178 is divided by 235.
223
Calculate the remainder when 7985 is divided by 5.
0
What is the remainder when 208924 is divided by 18?
16
What is the remainder when 379072 is divided by 25?
22
Calculate the remainder when 174 is divided by 46.
36
Calculate the remainder when 27282 is divided by 581.
556
What is the remainder when 42835 is divided by 611?
65
Calculate the remainder when 1747 is divided by 378.
235
What is the remainder when 103402 is divided by 45?
37
What is the remainder when 4903842 is divided by 15?
12
What is the remainder when 39126 is divided by 26?
22
Calculate the remainder when 13528 is divided by 3379.
12
Calculate the remainder when 21273 is divided by 1028.
713
What is the remainder when 88899 is divided by 57?
36
What is the remainder when 586 is divided by 4?
2
Calculate the remainder when 6932 is divided by 2242.
206
Calculate the remainder when 19634 is divided by 67.
3
What is the remainder when 18697 is divided by 120?
97
Calculate the remainder when 36138 is divided by 2409.
3
Calculate the remainder when 3148 is divided by 86.
52
What is the remainder when 417 is divided by 114?
75
What is the remainder when 492 is divided by 393?
99
Calculate the remainder when 58681 is divided by 605.
601
What is the remainder when 194270 is divided by 5886?
32
What is the remainder when 126792 is divided by 395?
392
What is the remainder when 41567 is divided by 48?
47
Calculate the remainder when 378301 is divided by 229.
222
Calculate the remainder when 119527 is divided by 23.
19
What is the remainder when 11354 is divided by 46?
38
Calculate the remainder when 20464 is divided by 769.
470
Calculate the remainder when 791 is divided by 200.
191
Calculate the remainder when 39013 is divided by 96.
37
Calculate the remainder when 313384 is divided by 114.
112
What is the remain